(-10). Suppose 2*m = -2*n + 10, m + f = n + 19. Let z be 18/4*m/1. What is the greatest common factor of 9 and z?
9
Suppose -t + 550 = 4*t + 3*a, -5*t - a + 560 = 0. Suppose 3*u + 41 = t. What is the greatest common factor of 4 and u?
4
Let y = -91 - -136. Suppose -d - 5 = -5*p - 19, p = -4*d + 14. Let j be 36/(-3)*(-6)/d. What is the greatest common factor of j and y?
9
Let a(w) = -4*w**3 + 1. Let g be a(-1). Suppose 12 = -b + g*b. Suppose -b*o = 5*m - m - 89, -3*o = -2*m + 31. Calculate the greatest common factor of 4 and m.
4
Suppose 11*x - 9*x = 96. Let b be ((-12)/(-14))/((-3)/(-21)). Calculate the highest common divisor of x and b.
6
Suppose 0 = -0*d - 3*d + 33. Suppose 2*k = 11 + d. Calculate the highest common factor of 121 and k.
11
Let l(y) = -5*y**3 - 2*y**2 + 1. Let d be l(-1). Suppose 5*j + z = -d*z + 90, 2*z + 54 = 4*j. Calculate the highest common factor of 10 and j.
5
Let j = -46 + 136. Let s = 36 + j. What is the greatest common divisor of s and 14?
14
Let r(q) = q**3 + 6*q**2 + 8*q + 1. Let b be r(-6). Let n = -33 - b. Calculate the highest common divisor of n and 35.
7
Suppose 12 = 5*p + 4*n, 3*p - 3*n - 8 = 10. Suppose -i = 4*q - 3*i - 20, p*q + i - 20 = 0. What is the greatest common divisor of q and 35?
5
Let q(b) be the third derivative of -b**4/6 - 7*b**3/6 - 5*b**2. Let v be q(-3). Calculate the greatest common divisor of 1 and v.
1
Let a(g) = -18*g**2 + 3*g + 5. Let h be a(-5). Let f be (-2)/(-9) - h/(-45). Let u be 4/f*(1 + -141). What is the greatest common divisor of u and 7?
7
Suppose -3*w - 2*z - 6 = -3*z, 12 = -4*z. Let q be (w + 6 - 2) + 4. Calculate the greatest common divisor of 5 and q.
5
Suppose 3*y = 7*y - 20. Calculate the highest common factor of y and 5.
5
Let s = 5 + -1. Suppose s*z - 176 = -0*z. Suppose 4*a + 0*a - z = 0. What is the greatest common divisor of 22 and a?
11
Let a = 14 + 13. What is the highest common factor of a and 81?
27
Let u = -58 + 82. Suppose g + u = 3*g. Let k = -7 + 15. What is the greatest common divisor of g and k?
4
Let a = 251 - 183. Calculate the highest common factor of a and 476.
68
Let d = -8 - -11. Suppose d*i - n - 121 = 0, 2*i - 4*n = -n + 83. Calculate the highest common divisor of i and 8.
8
Suppose 15 - 105 = -2*p + 4*o, 4*p - o = 159. Suppose -2*x - 51 = -2*n + x, 0 = 3*n + 3*x - p. What is the greatest common divisor of 108 and n?
18
Let w be -6 + 47 - 3/3. Calculate the greatest common factor of w and 20.
20
Suppose -5*p = -6*p + 28. What is the greatest common factor of p and 14?
14
Let u = -7 + 19. Suppose -2*t + 8 + u = -4*y, 4*t = 2*y + 58. What is the greatest common factor of t and 80?
16
Let i(u) = 6*u - 14. Let d be i(4). Suppose -2*m + 7*m = 210. Let l = m + -17. Calculate the highest common divisor of l and d.
5
Suppose -28 = -5*o + o. Let y = -5 + 6. What is the greatest common factor of o and y?
1
Let d be 1004/10 - (-12)/(-30). Suppose 5*l = -5*k + d, k + 4*k + 14 = l. Calculate the greatest common factor of 95 and l.
19
Let c be -1 + (-1 - (-1 + -6)). Let i be -1 - (-5)/(c/76). Let z be -3 + 2 - (-93)/3. What is the highest common divisor of i and z?
15
Let a be (8/(-6))/((-2)/6). Suppose 0*t - 3*t + 12 = 0. Suppose a*g = o - 30, -t*g = 4*o + g - 225. What is the greatest common factor of 10 and o?
10
Let h = -8 - -32. What is the highest common divisor of h and 96?
24
Let z = 20 - 11. What is the highest common factor of 6 and z?
3
Let c(p) = 4*p**2 - 52. Let q be c(-7). Calculate the highest common factor of q and 36.
36
Let d = 15 - 9. Let s be -9*5*(-4)/6. What is the greatest common divisor of s and d?
6
Let i(g) = g**3 + 7*g**2 + 7*g + 13. Let d be i(-4). What is the greatest common factor of 11 and d?
11
Let k(l) = 2*l**3 + 3*l**2 + l + 2. Let u be k(-2). Let o be -72*7/(42/u). Let i be ((-4)/(-6))/(1/18). Calculate the highest common divisor of i and o.
12
Suppose -12*w + 17*w - 60 = 0. What is the highest common divisor of 84 and w?
12
Let k(d) be the second derivative of 1/6*d**3 + 1/20*d**5 + 32*d**2 + 0 + d + 1/12*d**4. Let r be k(0). What is the greatest common factor of 8 and r?
8
Let f be (1 + -41 + 2)*-1. Suppose k - 5*k = 0. Suppose 4*x - 4*i = 34 + 50, 5*x - 3*i - 101 = k. Calculate the highest common factor of f and x.
19
Let z be (34/8)/(3/12). What is the highest common factor of 187 and z?
17
Let j(m) = -4*m. Let z(l) = l + 7. Let p be z(-5). Suppose 0 = 2*t + y + 1, 3*t + 19 = p*y. Let h be j(t). What is the greatest common factor of 30 and h?
6
Suppose -2*j + 6 = -30. Calculate the highest common divisor of 144 and j.
18
Let b = -41 + 59. Let s = 353 + -227. What is the highest common factor of s and b?
18
Suppose 2*j - 80 = -0*j + n, 2*j + 5*n = 104. Suppose 4*p - 12 = 12. What is the greatest common divisor of p and j?
6
Let s be (0 + (-5)/2)/(2/(-308)). What is the greatest common factor of 35 and s?
35
Let n(o) = -2*o + 30. Let g be n(-25). What is the greatest common divisor of 48 and g?
16
Let t = 2 - -11. Calculate the greatest common factor of t and 52.
13
Let f(m) = m**2 + 2*m. Let i be (2*2/2)/1. Suppose -i - 2 = -k. Let j be f(k). What is the highest common divisor of j and 16?
8
Let u = -11 + 21. Let i be 238/5 - (-4)/u. Suppose 0 = 4*q - r - 69, 5*r - 49 = -4*q + 2*r. What is the greatest common factor of i and q?
16
Let j(q) = -55*q - 1. Let i be j(-1). Suppose 0 = 3*t - 4*o - 39, 0 = t + 4*t - 3*o - 54. What is the highest common divisor of i and t?
9
Suppose 3*j - 269 = -4*h, 5*h - 3 - 332 = -5*j. What is the greatest common divisor of 17 and h?
17
Suppose q = 4*q - 24. Let v be (-2)/8 - 438/q. Let m be 28/(-2)*v/10. What is the highest common factor of m and 11?
11
Suppose -u = 2*u + 4*y - 1429, 3*u - 1420 = 5*y. Suppose -w + 6*w = u. Let z = -83 - -102. Calculate the highest common divisor of z and w.
19
Suppose 0 = 14*l - 15*l + 8. Let q = -97 + 185. Calculate the highest common divisor of l and q.
8
Let t = 11 - 2. Suppose 2*p - 4 = 2. Calculate the greatest common factor of p and t.
3
Let s = -13 + 17. Suppose 10 = 4*z - 0*z - v, 2*z - 5*v + s = 0. What is the greatest common factor of z and 1?
1
Let b be (0/3)/(-2 + 1). Suppose b = -t + 8*l - 4*l - 5, 7 = t - l. Suppose -t = -s + 3. What is the greatest common factor of 140 and s?
14
Let h be ((-440)/(-25))/(12/30). Calculate the highest common factor of 77 and h.
11
Let o be -1 - (-4 + (-36)/4). Let y be 11 - -1*(-2)/(-2). What is the highest common factor of y and o?
12
Let c = 123 + -67. What is the highest common factor of 8 and c?
8
Suppose -10*i - 84 = -14*i. What is the highest common divisor of 7 and i?
7
Suppose 9 = -3*p - 3. Let k be 1/4 + 1/p. Suppose k = 2*f + 9 - 41. Calculate the greatest common factor of f and 8.
8
Suppose 0 = -2*p + 3*y - 10 + 34, 4*p - y = 28. What is the highest common divisor of p and 6?
6
Let r(y) be the first derivative of -3*y**2/2 + 6*y + 4. Let o be r(-4). Let f be -1*((-19 - -2) + -1). Calculate the greatest common divisor of f and o.
18
Let i be (-2)/(-8) - 3570/(-56). What is the greatest common divisor of i and 32?
32
Suppose -27*u = -724 - 5. Let r be 161/1 + -1 - -2. Calculate the highest common factor of r and u.
27
Suppose 2*d = 3*b - 26, 8 + 25 = 4*b - d. Suppose 0 = -7*h + 111 - 27. Calculate the highest common divisor of h and b.
4
Suppose -61 + 1 = -6*k. Calculate the greatest common factor of 50 and k.
10
Let q(p) = -98*p - 151. Let t be q(-3). Suppose 0*c + 8 = 4*c. Suppose x - 7 = 2*r, c*r - 58 = -4*x - 0*r. Calculate the greatest common factor of t and x.
13
Let c(h) = h**2 + 2*h + 4. Let o be c(-6). Calculate the highest common factor of o and 4.
4
Let v = 345 + -163. What is the greatest common divisor of v and 14?
14
Let j be (4*5 - -3) + 1. Let m be j - (-1 + 0 + 3). What is the highest common factor of m and 2?
2
Suppose -4*g + g + 8 = f, 11 = 5*g + 4*f. Suppose -2*n = -g*n. Suppose n*k = 3*k - 240. Calculate the greatest common factor of k and 10.
10
Let n = 1 - -21. What is the highest common factor of 176 and n?
22
Suppose 8*l = 1 + 71. Calculate the highest common factor of 9 and l.
9
Let l(a) = -a**3 + 6*a**2 + a - 7. Let i be l(6). Let f be i/(-6) + (-41)/(-6). What is the highest common divisor of 28 and f?
7
Let j(m) = 2*m**2 + 10*m + 8. Let b be j(-6). Calculate the highest com